{"id":239,"date":"2025-02-05T21:58:20","date_gmt":"2025-02-05T20:58:20","guid":{"rendered":"https:\/\/liloulevenement.com\/?page_id=239"},"modified":"2025-03-12T13:35:08","modified_gmt":"2025-03-12T12:35:08","slug":"mariages-2","status":"publish","type":"page","link":"https:\/\/liloulevenement.com\/index.php\/mariages-2\/","title":{"rendered":"Mariages"},"content":{"rendered":"\t\t<div data-elementor-type=\"wp-page\" data-elementor-id=\"239\" class=\"elementor elementor-239\">\n\t\t\t\t<div class=\"elementor-element elementor-element-e232028 e-flex e-con-boxed e-con e-parent\" data-id=\"e232028\" data-element_type=\"container\">\n\t\t\t\t\t<div class=\"e-con-inner\">\n\t\t\t\t<div class=\"elementor-element elementor-element-61da7ac elementor-widget__width-initial elementor-widget elementor-widget-text-editor\" data-id=\"61da7ac\" data-element_type=\"widget\" data-widget_type=\"text-editor.default\">\n\t\t\t\t<div class=\"elementor-widget-container\">\n\t\t\t\t\t\t\t\t\t<p style=\"text-align: center;\">Vivez ce moment magique et unique,\u00a0<\/p><p style=\"text-align: center;\">confiez nous votre mariage avec une prise en charge compl\u00e8te de l&rsquo;organisation.<\/p><p style=\"text-align: center;\">Une d\u00e9coration de votre lieu de r\u00e9ception ou une pr\u00e9sence le jour J.<\/p><p style=\"text-align: center;\">\u00a0Selon vos besoins et vos envies, choisissez la formule qui vous convient.<\/p><p style=\"text-align: center;\">Nous sommes l\u00e0 pour Vous!<\/p>\t\t\t\t\t\t\t\t<\/div>\n\t\t\t\t<\/div>\n\t\t\t\t\t<\/div>\n\t\t\t\t<\/div>\n\t\t<div class=\"elementor-element elementor-element-723e894 e-flex e-con-boxed e-con e-parent\" data-id=\"723e894\" data-element_type=\"container\">\n\t\t\t\t\t<div class=\"e-con-inner\">\n\t\t\t\t\t<\/div>\n\t\t\t\t<\/div>\n\t\t<div class=\"elementor-element elementor-element-19d0837 e-flex e-con-boxed e-con e-parent\" data-id=\"19d0837\" data-element_type=\"container\">\n\t\t\t\t\t<div class=\"e-con-inner\">\n\t\t\t\t<div class=\"elementor-element elementor-element-9859756 e-n-tabs-mobile elementor-widget elementor-widget-n-tabs\" data-id=\"9859756\" data-element_type=\"widget\" data-settings=\"{&quot;horizontal_scroll&quot;:&quot;disable&quot;}\" data-widget_type=\"nested-tabs.default\">\n\t\t\t\t<div class=\"elementor-widget-container\">\n\t\t\t\t\t\t\t<div class=\"e-n-tabs\" data-widget-number=\"159749974\" aria-label=\"Onglets. Ouvrez des \u00e9l\u00e9ments avec Entrer ou Espace, fermez-les avec Echape et naviguez \u00e0 l&#039;aide des touches fl\u00e9ch\u00e9es.\">\n\t\t\t<div class=\"e-n-tabs-heading\" role=\"tablist\">\n\t\t\t\t\t<button id=\"e-n-tab-title-1597499741\" data-tab-title-id=\"e-n-tab-title-1597499741\" class=\"e-n-tab-title\" aria-selected=\"true\" data-tab-index=\"1\" role=\"tab\" tabindex=\"0\" aria-controls=\"e-n-tab-content-1597499741\" style=\"--n-tabs-title-order: 1;\">\n\t\t\t\t\t\t<span class=\"e-n-tab-title-text\">\n\t\t\t\tFormule de A \u00e0 Z\t\t\t<\/span>\n\t\t<\/button>\n\t\t\t\t<button id=\"e-n-tab-title-1597499742\" data-tab-title-id=\"e-n-tab-title-1597499742\" class=\"e-n-tab-title\" aria-selected=\"false\" data-tab-index=\"2\" role=\"tab\" tabindex=\"-1\" aria-controls=\"e-n-tab-content-1597499742\" style=\"--n-tabs-title-order: 2;\">\n\t\t\t\t\t\t<span class=\"e-n-tab-title-text\">\n\t\t\t\tFormule D\u00e9coration\t\t\t<\/span>\n\t\t<\/button>\n\t\t\t\t<button id=\"e-n-tab-title-1597499743\" data-tab-title-id=\"e-n-tab-title-1597499743\" class=\"e-n-tab-title\" aria-selected=\"false\" data-tab-index=\"3\" role=\"tab\" tabindex=\"-1\" aria-controls=\"e-n-tab-content-1597499743\" style=\"--n-tabs-title-order: 3;\">\n\t\t\t\t\t\t<span class=\"e-n-tab-title-text\">\n\t\t\t\tFormule Jour J\t\t\t<\/span>\n\t\t<\/button>\n\t\t\t\t\t<\/div>\n\t\t\t<div class=\"e-n-tabs-content\">\n\t\t\t\t<div id=\"e-n-tab-content-1597499741\" role=\"tabpanel\" aria-labelledby=\"e-n-tab-title-1597499741\" data-tab-index=\"1\" style=\"--n-tabs-title-order: 1;\" class=\"e-active elementor-element elementor-element-bf972a7 e-con-full e-flex e-con e-child\" data-id=\"bf972a7\" data-element_type=\"container\" data-settings=\"{&quot;background_background&quot;:&quot;classic&quot;}\">\n\t\t<div class=\"elementor-element elementor-element-54d9afd e-flex e-con-boxed e-con e-child\" data-id=\"54d9afd\" data-element_type=\"container\" data-settings=\"{&quot;background_background&quot;:&quot;classic&quot;}\">\n\t\t\t\t\t<div class=\"e-con-inner\">\n\t\t\t\t<div class=\"elementor-element elementor-element-bb061f6 elementor-widget elementor-widget-text-editor\" data-id=\"bb061f6\" data-element_type=\"widget\" data-widget_type=\"text-editor.default\">\n\t\t\t\t<div class=\"elementor-widget-container\">\n\t\t\t\t\t\t\t\t\t<h2><em><strong>F<span style=\"font-size: 25px;\">ORMULE DE <\/span>A <span style=\"font-size: 25px;\"> \u00e0 <\/span> Z <\/strong><\/em><\/h2>\n<h4><em><strong>\u00e0 <span style=\"font-size: 15px;\">partir de<\/span> 1500\u20ac<\/strong>&nbsp;<\/em><\/h4>\n<p>Recherche des prestataires<\/p>\n<p>Accompagnement pas \u00e0 pas<\/p>\n<p><strong>D\u00e9coration du lieu de r\u00e9ception<br><\/strong><\/p>\n<p>Recherche du th\u00e8me et des couleurs<\/p>\n<p>Cr\u00e9ation de la papeterie ( menu, plan de table et marque table)<\/p>\n<p>Installation de la d\u00e9coration de la salle de r\u00e9ception<\/p>\n<p>Installation de la vaisselle<\/p>\n<p>Ne comprends pas la location du mat\u00e9riel ni la mise en place du mobilier<\/p>\n<p><strong>Jour j<\/strong><\/p>\n<p>Planification du jour J<\/p>\n<p>Gestion des prestataires<\/p>\n<p>Gestion des invit\u00e9s<\/p>\n<p>Pr\u00e9sence de 14h \u00e0 22h ouverture de bal des mari\u00e9s<\/p>\t\t\t\t\t\t\t\t<\/div>\n\t\t\t\t<\/div>\n\t\t\t\t\t<\/div>\n\t\t\t\t<\/div>\n\t\t\t\t<\/div>\n\t\t<div id=\"e-n-tab-content-1597499742\" role=\"tabpanel\" aria-labelledby=\"e-n-tab-title-1597499742\" data-tab-index=\"2\" style=\"--n-tabs-title-order: 2;\" class=\" elementor-element elementor-element-ec53519 e-con-full e-flex e-con e-child\" data-id=\"ec53519\" data-element_type=\"container\">\n\t\t<div class=\"elementor-element elementor-element-a417f11 e-flex e-con-boxed e-con e-child\" data-id=\"a417f11\" data-element_type=\"container\" data-settings=\"{&quot;background_background&quot;:&quot;classic&quot;}\">\n\t\t\t\t\t<div class=\"e-con-inner\">\n\t\t\t\t<div class=\"elementor-element elementor-element-64a0b76 elementor-widget elementor-widget-text-editor\" data-id=\"64a0b76\" data-element_type=\"widget\" data-widget_type=\"text-editor.default\">\n\t\t\t\t<div class=\"elementor-widget-container\">\n\t\t\t\t\t\t\t\t\t<h2><em><strong>F<span style=\"font-size: 25px;\">ORMULE D\u00e9coration<\/span><\/strong><\/em><\/h2><h4><em><strong>\u00e0 <span style=\"font-size: 15px;\">partir de<\/span> 750\u20ac<\/strong>\u00a0<\/em><\/h4><p>Recherche du th\u00e8me et des couleurs<\/p><p>Cr\u00e9ation de la papeterie ( menu, plan de table et marque table)<\/p><p>Installation de la d\u00e9coration de la salle de r\u00e9ception<\/p><p>Installation de la vaisselle<\/p><p>Ne comprends pas la location du mat\u00e9riel ni la mise en place du mobilier<\/p>\t\t\t\t\t\t\t\t<\/div>\n\t\t\t\t<\/div>\n\t\t\t\t\t<\/div>\n\t\t\t\t<\/div>\n\t\t\t\t<\/div>\n\t\t<div id=\"e-n-tab-content-1597499743\" role=\"tabpanel\" aria-labelledby=\"e-n-tab-title-1597499743\" data-tab-index=\"3\" style=\"--n-tabs-title-order: 3;\" class=\" elementor-element elementor-element-f279354 e-con-full e-flex e-con e-child\" data-id=\"f279354\" data-element_type=\"container\">\n\t\t<div class=\"elementor-element elementor-element-e0e76c6 e-con-full e-flex e-con e-child\" data-id=\"e0e76c6\" data-element_type=\"container\" data-settings=\"{&quot;background_background&quot;:&quot;classic&quot;}\">\n\t\t\t\t<div class=\"elementor-element elementor-element-76b1cc2 elementor-widget elementor-widget-text-editor\" data-id=\"76b1cc2\" data-element_type=\"widget\" data-widget_type=\"text-editor.default\">\n\t\t\t\t<div class=\"elementor-widget-container\">\n\t\t\t\t\t\t\t\t\t<h2><em><strong>F<span style=\"font-size: 25px;\">ORMULE jour J<\/span><\/strong><\/em><\/h2>\n<h4><em><strong>\u00e0 <span style=\"font-size: 15px;\">partir de<\/span> 500\u20ac<\/strong>&nbsp;<\/em><\/h4>\n<p>Planification du jour J<\/p>\n<p>Gestion des prestataires<\/p>\n<p>Gestion des invit\u00e9s<\/p>\n<p>Pr\u00e9sence de 14h \u00e0 22h jusqu\u2019\u00e0 l\u2019ouverture de bal des mari\u00e9s.<\/p>\t\t\t\t\t\t\t\t<\/div>\n\t\t\t\t<\/div>\n\t\t\t\t<\/div>\n\t\t\t\t<\/div>\n\t\t\t\t\t<\/div>\n\t\t<\/div>\n\t\t\t\t\t\t<\/div>\n\t\t\t\t<\/div>\n\t\t\t\t\t<\/div>\n\t\t\t\t<\/div>\n\t\t<div class=\"elementor-element elementor-element-0b7c60e e-flex e-con-boxed e-con e-parent\" data-id=\"0b7c60e\" data-element_type=\"container\">\n\t\t\t\t\t<div class=\"e-con-inner\">\n\t\t\t\t<div class=\"elementor-element elementor-element-c836c40 elementor-arrows-position-inside elementor-pagination-position-outside elementor-widget elementor-widget-image-carousel\" data-id=\"c836c40\" data-element_type=\"widget\" data-settings=\"{&quot;navigation&quot;:&quot;both&quot;,&quot;autoplay&quot;:&quot;yes&quot;,&quot;pause_on_hover&quot;:&quot;yes&quot;,&quot;pause_on_interaction&quot;:&quot;yes&quot;,&quot;autoplay_speed&quot;:5000,&quot;infinite&quot;:&quot;yes&quot;,&quot;speed&quot;:500}\" data-widget_type=\"image-carousel.default\">\n\t\t\t\t<div class=\"elementor-widget-container\">\n\t\t\t\t\t\t\t<div class=\"elementor-image-carousel-wrapper swiper\" role=\"region\" aria-roledescription=\"carousel\" aria-label=\"Carrousel d\u2019images\" dir=\"ltr\">\n\t\t\t<div class=\"elementor-image-carousel swiper-wrapper\" aria-live=\"off\">\n\t\t\t\t\t\t\t\t<div class=\"swiper-slide\" role=\"group\" aria-roledescription=\"slide\" aria-label=\"1 sur 5\"><figure class=\"swiper-slide-inner\"><img decoding=\"async\" class=\"swiper-slide-image\" src=\"https:\/\/liloulevenement.com\/wp-content\/uploads\/2025\/02\/IMG-20230910-WA0028-300x200.jpg\" alt=\"Lieu de r\u00e9ception\" \/><\/figure><\/div><div class=\"swiper-slide\" role=\"group\" aria-roledescription=\"slide\" aria-label=\"2 sur 5\"><figure class=\"swiper-slide-inner\"><img decoding=\"async\" class=\"swiper-slide-image\" src=\"https:\/\/liloulevenement.com\/wp-content\/uploads\/2025\/02\/0156_HD-300x200.jpg\" alt=\"Traiteur pour vos papilles\" \/><\/figure><\/div><div class=\"swiper-slide\" role=\"group\" aria-roledescription=\"slide\" aria-label=\"3 sur 5\"><figure class=\"swiper-slide-inner\"><img decoding=\"async\" class=\"swiper-slide-image\" src=\"https:\/\/liloulevenement.com\/wp-content\/uploads\/2025\/02\/8634_HD-1-1-300x200.jpg\" alt=\"Maquilleuse et coiffeuse\" \/><\/figure><\/div><div class=\"swiper-slide\" role=\"group\" aria-roledescription=\"slide\" aria-label=\"4 sur 5\"><figure class=\"swiper-slide-inner\"><img decoding=\"async\" class=\"swiper-slide-image\" src=\"https:\/\/liloulevenement.com\/wp-content\/uploads\/2025\/02\/IMG-20230910-WA0022-300x200.jpg\" alt=\"Photographe\" \/><\/figure><\/div><div class=\"swiper-slide\" role=\"group\" aria-roledescription=\"slide\" aria-label=\"5 sur 5\"><figure class=\"swiper-slide-inner\"><img decoding=\"async\" class=\"swiper-slide-image\" src=\"https:\/\/liloulevenement.com\/wp-content\/uploads\/2025\/02\/IMG-20230910-WA0020-300x200.jpg\" alt=\"Papeterie\" \/><\/figure><\/div>\t\t\t<\/div>\n\t\t\t\t\t\t\t\t\t\t\t\t<div class=\"elementor-swiper-button elementor-swiper-button-prev\" role=\"button\" tabindex=\"0\">\n\t\t\t\t\t\t<svg aria-hidden=\"true\" class=\"e-font-icon-svg e-eicon-chevron-left\" viewBox=\"0 0 1000 1000\" xmlns=\"http:\/\/www.w3.org\/2000\/svg\"><path d=\"M646 125C629 125 613 133 604 142L308 442C296 454 292 471 292 487 292 504 296 521 308 533L604 854C617 867 629 875 646 875 663 875 679 871 692 858 704 846 713 829 713 812 713 796 708 779 692 767L438 487 692 225C700 217 708 204 708 187 708 171 704 154 692 142 675 129 663 125 646 125Z\"><\/path><\/svg>\t\t\t\t\t<\/div>\n\t\t\t\t\t<div class=\"elementor-swiper-button elementor-swiper-button-next\" role=\"button\" tabindex=\"0\">\n\t\t\t\t\t\t<svg aria-hidden=\"true\" class=\"e-font-icon-svg e-eicon-chevron-right\" viewBox=\"0 0 1000 1000\" xmlns=\"http:\/\/www.w3.org\/2000\/svg\"><path d=\"M696 533C708 521 713 504 713 487 713 471 708 454 696 446L400 146C388 133 375 125 354 125 338 125 325 129 313 142 300 154 292 171 292 187 292 204 296 221 308 233L563 492 304 771C292 783 288 800 288 817 288 833 296 850 308 863 321 871 338 875 354 875 371 875 388 867 400 854L696 533Z\"><\/path><\/svg>\t\t\t\t\t<\/div>\n\t\t\t\t\n\t\t\t\t\t\t\t\t\t<div class=\"swiper-pagination\"><\/div>\n\t\t\t\t\t\t\t\t\t<\/div>\n\t\t\t\t\t\t<\/div>\n\t\t\t\t<\/div>\n\t\t\t\t\t<\/div>\n\t\t\t\t<\/div>\n\t\t\t\t<\/div>\n\t\t","protected":false},"excerpt":{"rendered":"<p>Vivez ce moment magique et unique,\u00a0 confiez nous votre mariage avec une prise en charge compl\u00e8te de l&rsquo;organisation. Une d\u00e9coration de votre lieu de r\u00e9ception ou une pr\u00e9sence le jour J. \u00a0Selon vos besoins et vos envies, choisissez la formule [&hellip;]<\/p>\n","protected":false},"author":1,"featured_media":0,"parent":0,"menu_order":0,"comment_status":"closed","ping_status":"closed","template":"","meta":{"footnotes":""},"class_list":["post-239","page","type-page","status-publish","hentry"],"_links":{"self":[{"href":"https:\/\/liloulevenement.com\/index.php\/wp-json\/wp\/v2\/pages\/239","targetHints":{"allow":["GET"]}}],"collection":[{"href":"https:\/\/liloulevenement.com\/index.php\/wp-json\/wp\/v2\/pages"}],"about":[{"href":"https:\/\/liloulevenement.com\/index.php\/wp-json\/wp\/v2\/types\/page"}],"author":[{"embeddable":true,"href":"https:\/\/liloulevenement.com\/index.php\/wp-json\/wp\/v2\/users\/1"}],"replies":[{"embeddable":true,"href":"https:\/\/liloulevenement.com\/index.php\/wp-json\/wp\/v2\/comments?post=239"}],"version-history":[{"count":40,"href":"https:\/\/liloulevenement.com\/index.php\/wp-json\/wp\/v2\/pages\/239\/revisions"}],"predecessor-version":[{"id":450,"href":"https:\/\/liloulevenement.com\/index.php\/wp-json\/wp\/v2\/pages\/239\/revisions\/450"}],"wp:attachment":[{"href":"https:\/\/liloulevenement.com\/index.php\/wp-json\/wp\/v2\/media?parent=239"}],"curies":[{"name":"wp","href":"https:\/\/api.w.org\/{rel}","templated":true}]}}